. Determine o(-2).
-34
Let d(g) = 4*g**2 + 377*g + 3610. What is d(-11)?
-53
Let g(w) = 2*w**3 - 211*w**2 + 5*w + 10541. What is g(105)?
41
Let x(a) = 5*a**3 - 51*a**2 + 13*a + 46. Give x(11).
673
Let h(v) = -v**3 + 41*v**2 + 149*v - 104. Determine h(-4).
20
Let g(q) = 688*q**2 - 15111*q - 203. What is g(22)?
347
Let g(d) = -d**2 + 9*d + 51270. What is g(-222)?
-12
Let a(j) = -j**3 + 120*j**2 + 131*j - 3716. What is a(121)?
-2506
Let y(v) = 13*v**2 - 275*v - 1439. Calculate y(-6).
679
Let m(y) = -409*y + 99807. Give m(244).
11
Let c(s) = 3425*s - 143885. What is c(42)?
-35
Let j(w) = 457*w**2 + 3679*w + 169. Determine j(-8).
-15
Let r(y) = -2*y**2 + 996*y - 55835. Calculate r(61).
-2521
Let l(d) = 409*d + 85765. What is l(-210)?
-125
Let g(x) = 3*x**3 - 975*x**2 + 2893*x + 1160. Calculate g(322).
-450
Let q(b) = -14*b**2 - 1723*b - 31204. Calculate q(-101).
5
Let m(q) = -6282*q - 37660. What is m(-6)?
32
Let t(p) = 262*p**2 - 1896*p + 1897. Give t(1).
263
Let d(m) = -m**2 + 340*m - 11952. Determine d(49).
2307
Let g(p) = -97*p**2 - 1313*p - 212. Determine g(-13).
464
Let x(i) = -299*i - 103685. What is x(-347)?
68
Let f(v) = -42*v**2 - 46. Determine f(-5).
-1096
Let n(a) = -a**2 + 131*a - 4184. Calculate n(48).
-200
Let n(x) = -1350*x - 12326. Give n(-9).
-176
Let s(l) = -19096*l + 1470383. Give s(77).
-9
Let l(v) = v**3 - 86*v**2 + 83*v + 88. Determine l(85).
-82
Let j(p) = -p**2 - 481*p - 44036. Give j(-130).
1594
Let d(b) = 545*b**2 - 290485*b + 16. Determine d(533).
16
Let d(w) = w**2 - 41529*w - 664728. What is d(-16)?
-8
Let r(p) = 24*p**3 + 1297*p**2 + 137*p + 4493. Calculate r(-54).
11
Let b(h) = 12*h**3 + 14*h**2 - 15*h - 62. Determine b(-4).
-546
Let s(t) = 3536*t - 2715650. What is s(768)?
-2
Let f(h) = -1100*h**2 - 16495*h + 76. Calculate f(-15).
1
Let c(l) = 27*l**2 - 13138*l - 13145. Determine c(-1).
20
Let y(j) = 219*j - 2243. What is y(9)?
-272
Let u(c) = 22*c**2 + 754*c + 2074. What is u(-3)?
10
Let h(n) = 135*n**2 + 942*n + 1. What is h(-7)?
22
Let z(g) = 135*g**2 - 500*g + 26. Give z(4).
186
Let r(t) = 88*t**2 + 4199*t + 121. Calculate r(-48).
1321
Let g(v) = -49*v**2 - 178*v + 919. Calculate g(-6).
223
Let b(f) = -3*f**3 - 38*f**2 - 7*f - 475. What is b(-14)?
407
Let d(z) = -2489*z**2 + 2528*z - 39. What is d(1)?
0
Let r(p) = 1641*p - 72. Give r(0).
-72
Let j(u) = -u**3 - 114*u**2 + 798*u + 90963. Determine j(-114).
-9
Let w(f) = -69*f**2 + 57*f - 86. What is w(2)?
-248
Let i(t) = 2*t**3 + 7*t**2 - 22*t + 408. Determine i(-10).
-672
Let c(p) = -502912*p + 2514564. What is c(5)?
4
Let h(o) = -o**3 + 436*o**2 + 40116*o - 12352. Give h(514).
-16
Let s(u) = 30*u**2 + 2045*u + 452. Calculate s(-68).
112
Let c(g) = 5*g**3 - 23*g**2 - 599*g + 6276. Give c(10).
2986
Let f(c) = 7*c**3 + 18*c**2 - 82*c - 234. Give f(-3).
-15
Let a(w) = 22*w**2 - 743*w + 16. Determine a(34).
186
Let o(i) = 179*i**3 - 11*i**2 + 16*i + 113. Give o(-3).
-4867
Let b(g) = 19266*g - 211928. What is b(11)?
-2
Let k(f) = 4*f**2 + 2913*f + 64905. Determine k(-23).
22
Let j(c) = 6999*c + 265973. Give j(-38).
11
Let x(c) = -31*c**2 + 312*c - 666. Give x(7).
-1
Let c(v) = v**2 + 554*v + 16456. Give c(-32).
-248
Let y(x) = -1276*x**2 + 62526*x - 47. Determine y(49).
51
Let y(p) = p**3 + 199*p**2 + 599*p + 1732. Determine y(-196).
-424
Let n(f) = 436*f**2 + 56677*f - 385. What is n(-130)?
5
Let c(m) = -123907*m - 619526. Calculate c(-5).
9
Let f(h) = -460*h**2 + 13806*h + 33. Determine f(30).
213
Let s(m) = 690*m - 9174. What is s(15)?
1176
Let k(i) = 80*i**2 + 1197*i - 5. Calculate k(-15).
40
Let c(m) = m**3 - 114*m**2 + 3262*m + 19. What is c(57)?
760
Let u(t) = 2*t**3 - 196*t**2 - 1315*t + 6797. Determine u(104).
-171
Let i(y) = y**3 + 163*y**2 + 676*y + 6390. Give i(-159).
30
Let a(b) = -764*b + 3279. Calculate a(6).
-1305
Let l(m) = -2*m**3 + 13*m**2 + 180*m - 57. What is l(-7)?
6
Let g(l) = -54*l - 3161. What is g(-131)?
3913
Let r(w) = -211*w + 98133. What is r(465)?
18
Let b(t) = 17*t**3 - 512*t**2 + 471*t + 43. Calculate b(1).
19
Let w(x) = -35599*x - 3346312. Calculate w(-94).
-6
Let n(o) = 3*o**3 - 13*o**2 + 22657*o - 113332. Calculate n(5).
3
Let j(l) = 38*l**3 + 1027*l**2 + 27*l - 55. Give j(-27).
-55
Let b(s) = 3*s**3 - 17*s**2 + 336*s - 3582. Determine b(11).
2050
Let k(t) = t**2 + 145*t + 5418. Calculate k(-58).
372
Let s(h) = 55691*h**2 + 278488*h + 169. Determine s(-5).
4
Let m(h) = 518795*h - 3112777. Determine m(6).
-7
Let c(y) = y**3 + 200*y**2 - 182*y + 3811. Calculate c(-201).
-8
Let k(q) = -q**2 - 1900*q + 71660. Determine k(37).
-9
Let b(y) = y**2 - 11911*y + 107116. Calculate b(9).
-2
Let n(z) = -z**3 - 5885*z**2 - 88064*z - 208. What is n(-15)?
2
Let j(u) = 307*u - 11530. Give j(37).
-171
Let u(k) = -k**3 + 57*k**2 - 45689*k + 2653328. What is u(58)?
2
Let n(y) = 3639*y + 43720. Determine n(-12).
52
Let t(a) = 2*a**2 + 14*a - 3085. Give t(-43).
11
Let u(d) = 1885*d + 571143. Give u(-303).
-12
Let h(s) = 14*s**2 - 14*s + 861. Calculate h(0).
861
Let s(a) = -58104*a + 290528. Calculate s(5).
8
Let s(g) = 4041*g + 24424. Calculate s(-6).
178
Let u(b) = -b**2 - 4729*b + 28290. Give u(6).
-120
Let n(c) = -1064*c + 141508. Give n(133).
-4
Let x(y) = -2*y**2 + 7313*y - 43885. Determine x(6).
-79
Let n(x) = -557*x + 50006. Calculate n(106).
-9036
Let o(r) = 3*r**3 + 39359*r**2. Determine o(0).
0
Let x(l) = 46*l**2 - 26*l - 203. Give x(8).
2533
Let m(r) = -21*r**2 - 1444*r - 8818. Calculate m(-62).
-14
Let w(d) = -d**2 - 6535*d - 2755027. Give w(-453).
119
Let c(n) = 15*n**2 + 2325*n + 33. Determine c(-156).
2373
Let j(h) = 11*h**2 + 1391*h - 94547. Give j(49).
23
Let t(a) = -80*a**2 - 13153*a + 26315. Determine t(2).
-311
Let u(i) = 37582*i - 676391. Give u(18).
85
Let o(c) = -c**2 + 2523*c + 97320. What is o(-38)?
2
Let n(l) = 20845*l + 500191. What is n(-24)?
-89
Let b(w) = 31*w**3 - 42*w**2 + 112*w - 7. What is b(3)?
788
Let l(x) = -88739*x - 976098. Calculate l(-11).
31
Let a(d) = -d**3 + 295*d**2 + 816*d - 65927. Calculate a(297).
7
Let u(f) = -f**3 - 28*f**2 + 431*f + 12653. Calculate u(-25).
3
Let y(k) = 68*k**3 + 19*k**2 - 61*k - 7. Give y(3).
1817
Let o(g) = -419*g**3 + 5*g**2 + 9*g + 6. Give o(-1).
421
Let r(l) = -l**3 - 62*l**2 + 189*l - 398. Give r(-65).
-8
Let s(l) = 9*l**2 - 1957*l + 920. Give s(217).
52
Let n(s) = 3*s**2 - 3022*s - 142068. Give n(-45).
-3
Let k(v) = v**3 - 388*v**2 + 24416*v - 388. Calculate k(79).
7
Let c(y) = 3496*y - 45259. Calculate c(13).
189
Let n(b) = -b**2 + 1450142*b + 10151045. Determine n(-7).
2
Let r(z) = -11687*z - 58467. Determine r(-5).
-32
Let h(d) = -3713*d**2 - 71*d + 3. Give h(1).
-3781
Let v(q) = -17397*q - 191467. Give v(-11).
-100
Let h(s) = 988*s**2 + 355680*s - 1. Calculate h(-360).
-1
Let c(t) = -t**3 + 45*t**2 - 143*t + 4343. Give c(44).
-13
Let i(q) = -1387*q - 101262. Calculate i(-73).
-11
Let x(j) = 8*j**3 + 161*j**2 + 82*j + 995. Determine x(-20).
-245
Let y(f) = -24226*f - 411794. What is y(-17)?
48
Let k(p) = p**2 - 447*p - 2659. Give k(-6).
59
Let n(a) = 3*a**2 - 3257*a - 61937. What is n(-19)?
1029
Let s(d) = d**3 + 22*d**2 + 14*d + 809. Give s(-24).
-679
Let j(n) = -642*n - 230495. Calculate j(-359).
-17
Let w(p) = -2*p**3 + 6*p**2 + 5*p + 42. Calculate w(6).
-144
Let i(n) = -6*n**2 - 928*n - 7472. Give i(-8).
-432
Let l(w) = 13272*w + 11015760. What is l(-830)?
0
Let b(p) = 53*p**2 - 16*p + 52. Calculate b(-5).
1457
Let m(c) = c**2 + 11276*c + 3175252. Determine m(-289).
9
Let a(z) = 7*z**2 - 1549*z + 25609. What is a(18)?
-5
Let f(a) = a**2 + 306*a - 87513. Determine f(180).
-33
Let i(u) = 1936*u + 177509. Give i(-91).
1333
Let c(a) = -53*a**2 - 103*a + 151. Determine c(-2).
145
Let g(w) = 24*w**3 + 5*w**2 + 4384*w + 8765. Determine g(-2).
-175
Let b(z) = -2*z**3 + 65*z**2 + 78*z - 264. What is b(33)?
1221
Let m(f) = 2958*f + 3744846. Give m(-1266).
18
Let q(a) = -a**3 - 17*a**2 + 82*a + 94. Determine q(-18).
-1058
Let f(k) = -473*k + 4267. What is f(9)?
10
Let a(o) = 7*o**2 - 203*o - 386. What is a(31)?
48
Let x(d) = 384*d - 441. Determine x(2).
327
Let y(h) = -4*h**2 + 100*h + 421. Calculate y(-4).
-43
Let c(j) = -3644*j - 404486. Give c(-111).
-2
Let u(p) = -6*p**2 - 92*p - 106. What is u(-15)?
-76
Let k(y) = 54*y**3 + 133*y**2 - 267*y + 15. Determine k(2).
445
Let t(o) 